{"id":389,"date":"2021-04-21T15:01:41","date_gmt":"2021-04-21T15:01:41","guid":{"rendered":"https:\/\/acse.pub.ro\/?page_id=389"},"modified":"2021-05-26T17:07:03","modified_gmt":"2021-05-26T17:07:03","slug":"elemente-de-informatica-aplicata-in-ingineria-sistemelor","status":"publish","type":"page","link":"https:\/\/acse.pub.ro\/index.php\/licenta\/cursuri-licenta\/elemente-de-informatica-aplicata-in-ingineria-sistemelor\/","title":{"rendered":"Elemente de informatic\u0103 aplicat\u0103 \u00een ingineria sistemelor"},"content":{"rendered":"<p>Semestrul 1<\/p>\n<p>Titulari: Catalin Petrescu<\/p>\n<p><a href=\"https:\/\/acse.pub.ro\/wp-content\/uploads\/2021\/05\/An1_S1_Fisa_disciplinei_IS2020_EIAS.pdf\">Fisa disciplinei<\/a>:<\/p>\n<a href=\"https:\/\/acse.pub.ro\/wp-content\/uploads\/2021\/05\/An1_S1_Fisa_disciplinei_IS2020_EIAS.pdf\" class=\"pdfemb-viewer\" style=\"\" data-width=\"max\" data-height=\"max\" data-toolbar=\"top\" data-toolbar-fixed=\"on\">An1_S1_Fisa_disciplinei_IS2020_EIAS<\/a>\n<p>&nbsp;<\/p>\n<div id=\"gtx-trans\" style=\"position: absolute; left: -39px; top: 120px;\">\n<div class=\"gtx-trans-icon\"><\/div>\n<\/div>\n","protected":false},"excerpt":{"rendered":"<p>Semestrul 1 Titulari: Catalin Petrescu Fisa disciplinei: &nbsp;<\/p>\n","protected":false},"author":2,"featured_media":0,"parent":355,"menu_order":0,"comment_status":"closed","ping_status":"closed","template":"","meta":[],"categories":[],"tags":[106],"_links":{"self":[{"href":"https:\/\/acse.pub.ro\/index.php\/wp-json\/wp\/v2\/pages\/389"}],"collection":[{"href":"https:\/\/acse.pub.ro\/index.php\/wp-json\/wp\/v2\/pages"}],"about":[{"href":"https:\/\/acse.pub.ro\/index.php\/wp-json\/wp\/v2\/types\/page"}],"author":[{"embeddable":true,"href":"https:\/\/acse.pub.ro\/index.php\/wp-json\/wp\/v2\/users\/2"}],"replies":[{"embeddable":true,"href":"https:\/\/acse.pub.ro\/index.php\/wp-json\/wp\/v2\/comments?post=389"}],"version-history":[{"count":13,"href":"https:\/\/acse.pub.ro\/index.php\/wp-json\/wp\/v2\/pages\/389\/revisions"}],"predecessor-version":[{"id":463,"href":"https:\/\/acse.pub.ro\/index.php\/wp-json\/wp\/v2\/pages\/389\/revisions\/463"}],"up":[{"embeddable":true,"href":"https:\/\/acse.pub.ro\/index.php\/wp-json\/wp\/v2\/pages\/355"}],"wp:attachment":[{"href":"https:\/\/acse.pub.ro\/index.php\/wp-json\/wp\/v2\/media?parent=389"}],"wp:term":[{"taxonomy":"category","embeddable":true,"href":"https:\/\/acse.pub.ro\/index.php\/wp-json\/wp\/v2\/categories?post=389"},{"taxonomy":"post_tag","embeddable":true,"href":"https:\/\/acse.pub.ro\/index.php\/wp-json\/wp\/v2\/tags?post=389"}],"curies":[{"name":"wp","href":"https:\/\/api.w.org\/{rel}","templated":true}]}}