{"id":115,"date":"2021-03-02T21:41:30","date_gmt":"2021-03-02T21:41:30","guid":{"rendered":"https:\/\/acse.pub.ro\/?page_id=115"},"modified":"2021-05-30T14:31:45","modified_gmt":"2021-05-30T14:31:45","slug":"doctorat","status":"publish","type":"page","link":"https:\/\/acse.pub.ro\/index.php\/doctorat\/","title":{"rendered":"Doctorat"},"content":{"rendered":"<p>ACSE are 11 membri abilita\u021bi ai \u0218colii doctorale de Automatic\u0103 \u015fi Calculatoare din UPB, care \u00eendrum\u0103 teze de doctorat \u00een care sunt realizate cercet\u0103ri de v\u00e2rf \u00een domeniul \u201dIngineriei Sistemelor (IS)\u201d. Tematicile de cercetare doctoral\u0103 propuse \u0219i supervizate de conduc\u0103torii \u0219tiin\u021bifici ai ACSE sunt de actualitate, similare celor abordate de universit\u0103\u021bi de renume mondial, care deschid perspective ale cunoa\u0219terii \u0219i ale inov\u0103rii \u00een reglarea automat\u0103 inteligent\u0103 cu tehnici de \u00eenv\u0103\u021bare automat\u0103, precum: sisteme cyber-fizice, reglare optimal\u0103 cu \u00eenv\u0103\u021bare automat\u0103, analiza volumelor mari de date, tehnici de calcul de \u00eenalt\u0103 performan\u021b\u0103, internetul obiectelor, sisteme de conducere cu inteligen\u021b\u0103 distribuit\u0103, calcul cognitiv, optimizarea planific\u0103rii taskurilor, a aloc\u0103rii resurselor \u0219i a serviciilor, inteligen\u021b\u0103 artificial\u0103 cu aplica\u021bii \u00een inginerie, sisteme informatice pentru servicii, robotic\u0103. Pentru mai multe detalii consulta\u021bi <a href=\"http:\/\/doctorat.acs.pub.ro\/conducatori-si-oferta-stiintifica\/oferta-stiintifica\/#oferta_is\">oferta \u0219tiiin\u021bific\u0103 a \u0218colii doctorale de Automatic\u0103 \u0219i Calculatoare UPB.<\/a><\/p>\n<p>Membrii ACSE ai \u0218colii doctorale \u00een Ingineria sistemelor:<\/p>\n<p><a href=\"https:\/\/acse.pub.ro\/index.php\/personal\/acad-ioan-dumitrache\/\" target=\"_blank\" rel=\"noopener\">Academician Ioan Dumitrache<\/a><\/p>\n<p><a href=\"https:\/\/acse.pub.ro\/index.php\/personal\/catalin-buiu\/\" target=\"_blank\" rel=\"noopener\">Prof. dr. ing. C\u0103t\u0103lin Buiu<\/a><\/p>\n<p><a href=\"https:\/\/acse.pub.ro\/index.php\/personal\/monica-dragoicea\" target=\"_blank\" rel=\"noopener\">Prof. dr. ing. Monica Dr\u0103goicea<\/a><\/p>\n<p><a href=\"https:\/\/acse.pub.ro\/index.php\/personal\/bogdan-dumitrescu\" target=\"_blank\" rel=\"noopener\">Prof. dr. ing. Bogdan Dumitrescu<\/a><\/p>\n<p><a href=\"https:\/\/acse.pub.ro\/index.php\/personal\/ciprian-lupu\" target=\"_blank\" rel=\"noopener\">Prof. dr. ing. Ciprian Lupu<\/a><\/p>\n<p><a href=\"https:\/\/acse.pub.ro\/index.php\/personal\/ion-necoara\" target=\"_blank\" rel=\"noopener\">Prof. dr. Ion Necoar\u0103<\/a><\/p>\n<p><a href=\"https:\/\/acse.pub.ro\/index.php\/personal\/cristian-oara\" target=\"_blank\" rel=\"noopener\">Prof. dr. ing. Cristian Oar\u0103<\/a><\/p>\n<p><a href=\"https:\/\/acse.pub.ro\/index.php\/personal\/dumitru-popescu\" target=\"_blank\" rel=\"noopener\">Prof. dr. ing. Dumitru Popescu<\/a><\/p>\n<p><a href=\"https:\/\/acse.pub.ro\/index.php\/personal\/ioan-sacala\" target=\"_blank\" rel=\"noopener\">Prof. dr. ing. Ioan Sacal\u0103<\/a><\/p>\n<p><a href=\"https:\/\/acse.pub.ro\/index.php\/personal\/florin-stoican\" target=\"_blank\" rel=\"noopener\">Prof. dr. ing. Florin Stoican<\/a><\/p>\n<p><a href=\"https:\/\/acse.pub.ro\/index.php\/personal\/dan-stefanoiu\" target=\"_blank\" rel=\"noopener\">Prof. dr. ing. Dan \u0218tef\u0103noiu<\/a><\/p>\n","protected":false},"excerpt":{"rendered":"<p>ACSE are 11 membri abilita\u021bi ai \u0218colii doctorale de Automatic\u0103 \u015fi Calculatoare din UPB, care \u00eendrum\u0103 teze de doctorat \u00een care sunt realizate cercet\u0103ri de v\u00e2rf \u00een domeniul \u201dIngineriei Sistemelor (IS)\u201d. Tematicile de cercetare doctoral\u0103&#8230;<\/p>\n","protected":false},"author":2,"featured_media":0,"parent":0,"menu_order":0,"comment_status":"closed","ping_status":"closed","template":"","meta":[],"categories":[],"tags":[118],"_links":{"self":[{"href":"https:\/\/acse.pub.ro\/index.php\/wp-json\/wp\/v2\/pages\/115"}],"collection":[{"href":"https:\/\/acse.pub.ro\/index.php\/wp-json\/wp\/v2\/pages"}],"about":[{"href":"https:\/\/acse.pub.ro\/index.php\/wp-json\/wp\/v2\/types\/page"}],"author":[{"embeddable":true,"href":"https:\/\/acse.pub.ro\/index.php\/wp-json\/wp\/v2\/users\/2"}],"replies":[{"embeddable":true,"href":"https:\/\/acse.pub.ro\/index.php\/wp-json\/wp\/v2\/comments?post=115"}],"version-history":[{"count":1,"href":"https:\/\/acse.pub.ro\/index.php\/wp-json\/wp\/v2\/pages\/115\/revisions"}],"predecessor-version":[{"id":116,"href":"https:\/\/acse.pub.ro\/index.php\/wp-json\/wp\/v2\/pages\/115\/revisions\/116"}],"wp:attachment":[{"href":"https:\/\/acse.pub.ro\/index.php\/wp-json\/wp\/v2\/media?parent=115"}],"wp:term":[{"taxonomy":"category","embeddable":true,"href":"https:\/\/acse.pub.ro\/index.php\/wp-json\/wp\/v2\/categories?post=115"},{"taxonomy":"post_tag","embeddable":true,"href":"https:\/\/acse.pub.ro\/index.php\/wp-json\/wp\/v2\/tags?post=115"}],"curies":[{"name":"wp","href":"https:\/\/api.w.org\/{rel}","templated":true}]}}