{"id":107,"date":"2021-03-02T21:40:40","date_gmt":"2021-03-02T21:40:40","guid":{"rendered":"https:\/\/acse.pub.ro\/?page_id=107"},"modified":"2021-04-21T16:01:41","modified_gmt":"2021-04-21T16:01:41","slug":"licenta","status":"publish","type":"page","link":"https:\/\/acse.pub.ro\/index.php\/licenta\/","title":{"rendered":"Licen\u021b\u0103"},"content":{"rendered":"<p>Aici se g\u0103sesc informa\u021bii despre studiile de licen\u021b\u0103 \u00een care este implicat Departamentul de Automatic\u0103 \u0219i Ingineria Sistemelor.<\/p>\n<ul>\n<li><a href=\"https:\/\/acse.pub.ro\/index.php\/cursuri-licenta\/\">Cursuri licen\u021b\u0103<\/a><\/li>\n<li><a href=\"https:\/\/acse.pub.ro\/index.php\/directia-b\/\">Direc\u021bia B<\/a> de specializare<\/li>\n<li><a href=\"https:\/\/acse.pub.ro\/index.php\/lucrarea-de-diploma\/\">Lucrarea de diplom\u0103<\/a><\/li>\n<\/ul>\n","protected":false},"excerpt":{"rendered":"<p>Aici se g\u0103sesc informa\u021bii despre studiile de licen\u021b\u0103 \u00een care este implicat Departamentul de Automatic\u0103 \u0219i Ingineria Sistemelor. Cursuri licen\u021b\u0103 Direc\u021bia B de specializare Lucrarea de diplom\u0103<\/p>\n","protected":false},"author":2,"featured_media":0,"parent":0,"menu_order":0,"comment_status":"closed","ping_status":"closed","template":"","meta":[],"categories":[],"tags":[106],"_links":{"self":[{"href":"https:\/\/acse.pub.ro\/index.php\/wp-json\/wp\/v2\/pages\/107"}],"collection":[{"href":"https:\/\/acse.pub.ro\/index.php\/wp-json\/wp\/v2\/pages"}],"about":[{"href":"https:\/\/acse.pub.ro\/index.php\/wp-json\/wp\/v2\/types\/page"}],"author":[{"embeddable":true,"href":"https:\/\/acse.pub.ro\/index.php\/wp-json\/wp\/v2\/users\/2"}],"replies":[{"embeddable":true,"href":"https:\/\/acse.pub.ro\/index.php\/wp-json\/wp\/v2\/comments?post=107"}],"version-history":[{"count":7,"href":"https:\/\/acse.pub.ro\/index.php\/wp-json\/wp\/v2\/pages\/107\/revisions"}],"predecessor-version":[{"id":402,"href":"https:\/\/acse.pub.ro\/index.php\/wp-json\/wp\/v2\/pages\/107\/revisions\/402"}],"wp:attachment":[{"href":"https:\/\/acse.pub.ro\/index.php\/wp-json\/wp\/v2\/media?parent=107"}],"wp:term":[{"taxonomy":"category","embeddable":true,"href":"https:\/\/acse.pub.ro\/index.php\/wp-json\/wp\/v2\/categories?post=107"},{"taxonomy":"post_tag","embeddable":true,"href":"https:\/\/acse.pub.ro\/index.php\/wp-json\/wp\/v2\/tags?post=107"}],"curies":[{"name":"wp","href":"https:\/\/api.w.org\/{rel}","templated":true}]}}